Let d = q + 20. Let g(b) = -b**3 + 8*b**2 - 2*b + 6. What is the tens digit of g(d)?
4
Let k be 34/8*(-28)/21*-9. Let j = 112 + k. What is the hundreds digit of j?
1
What is the thousands digit of (4/3)/((-304690)/(-76170) - 4)?
0
Suppose 4*z - 2*y + 40 = z, -3*z = 2*y + 20. Let o be 825/z*8/(-6)*2. Suppose -4*w = -56 - o. What is the units digit of w?
9
Suppose -53*f = -50*f - 15. Let n be f + -10 - -6 - 1. Suppose -3*q = -y + 133, n = 2*y - 7*q + 4*q - 266. What is the hundreds digit of y?
1
Let t(l) = 21*l - 42. Suppose 16 + 6 = 2*m. What is the tens digit of t(m)?
8
Let x(y) = 7*y**2 + y + 31. Let r = 166 - 161. What is the tens digit of x(r)?
1
Let k be 2/1*-1*65/(-130). Let c be (1507 + (-1)/k)/(12/16). Suppose 0 = 6*w + 562 - c. What is the tens digit of w?
4
Let m(y) be the second derivative of -y**5/20 + 7*y**4/4 - 31*y**3/6 - 6*y**2 + 10*y + 4. What is the hundreds digit of m(18)?
4
Suppose -12*d + 5 = -11*d. Suppose n = d*n - 1512. What is the hundreds digit of n?
3
Suppose 0 = 117*g - 124*g + 21. Suppose 2*o - g*z = 757, 2*o - o + z = 376. What is the hundreds digit of o?
3
What is the ten thousands digit of 157/1256 - (-427406)/16?
2
Suppose 0 = 20*x - 23*x + 699. Let m = x - 163. Suppose -y + 5*p - m = -6*y, 4*y = p + 71. What is the units digit of y?
7
Let g(q) = 5908*q**2 + 117*q + 243. What is the thousands digit of g(-2)?
3
Let k(w) = 206*w**2 - 33*w - 77. What is the tens digit of k(-11)?
1
Let i(f) = 3*f + 245. Let x be (-92)/(-14) + 201/469. What is the units digit of i(x)?
6
Let s = 94600 - 66251. What is the thousands digit of s?
8
Suppose -5*c - 429 = -354. What is the units digit of (299/3)/((-5)/c)?
9
Let a = 644 + 2621. What is the tens digit of a?
6
Let t(d) = 219*d**2 + 2. Let a be t(-1). Suppose 25*p - 4146 + a = 0. What is the units digit of p?
7
Let q be ((-102)/(-5))/(22/770). Let o = q - 379. What is the hundreds digit of o?
3
Let l(g) = 169*g + 331. What is the units digit of l(52)?
9
Let q = 268 + -409. Let z = q + 412. What is the tens digit of z?
7
Let q(c) = 8*c**3 + 8*c**2 - 37*c - 2. Suppose -187 = -56*b + 37. What is the hundreds digit of q(b)?
4
What is the thousands digit of (-9226)/((-14)/7) + (-9)/3?
4
Let m(g) = -g**3 + 23*g**2 - 12*g - 28. Let s be m(21). Suppose 6*l + s - 2588 = 0. What is the units digit of l?
1
Let m(n) = 2*n**2 - 5*n - 3. Let y = -47 - -49. Suppose y*v = -5*h + 30, 10 + 5 = 5*h - v. What is the units digit of m(h)?
9
Let f(v) = v**3 + v**2 - v - 1. Let r(o) = -4*o**3 - 14*o**2 + 13*o + 22. Let a(k) = 5*f(k) + r(k). Suppose -3*c + 394 = 367. What is the units digit of a(c)?
9
Let j be 2/6 - 492/(-36). Suppose -j*d = -457 + 93. Suppose -5*h + 6 = d, -816 = -5*b - h. What is the units digit of b?
4
Suppose -13*m = -21*m + 800. Let v be (-8556)/(-10) + (-60)/m. Suppose 0 = 3*i + 2*i - v. What is the units digit of i?
1
Suppose -2*p + 26314 = -4*v - 36512, -7*p - 4*v + 219927 = 0. What is the thousands digit of p?
1
Let s = 25673 + -16975. What is the hundreds digit of s?
6
Let u(x) = -40*x**2 + 5*x + 55. Let y(v) = 21*v**2 - 3*v - 28. Let a(f) = 3*u(f) + 7*y(f). What is the hundreds digit of a(-6)?
9
Let s = 7291 + -2887. Suppose 2*y - m - 2208 = 0, -m + s = 3*y + y. What is the thousands digit of y?
1
Let i(y) = 5*y - 76. Let d be i(16). Suppose 4*z + 4*o - 1460 = 0, -3*z + 5*z - 712 = d*o. What is the tens digit of z?
6
Suppose 0 = 3*q - 69 + 6. Let u be (-4)/(-6) - 272/(-72)*q. Suppose u = m - 199. What is the units digit of m?
9
What is the hundreds digit of (22 + 14 - 10)*540?
0
Let t(d) = 191*d - 385*d - 15*d**3 + 192*d - 4*d**2. What is the tens digit of t(-2)?
0
Let t = 5 - -14. Let l(p) = -p**2 + 27*p + 2. Let s be l(t). Let y = s - 80. What is the tens digit of y?
7
Let v(f) = -f**3 - 5*f**2 + 37*f + 14. Let g be v(-9). What is the tens digit of 587 - -2 - (1 - (0 + g))?
9
Let v be ((-1320)/9)/((-176)/(-84) - 2). Let i = 2643 + v. What is the units digit of i?
3
Suppose -5*c - 6*w - 10875 = -2*w, w = -4*c - 8700. Let n = -221 - c. What is the tens digit of n?
5
Suppose 4*a = 4*x + 6363 - 45451, 0 = -4*x + 16. What is the hundreds digit of ((-7)/(-14))/(4*(-3)/a)?
4
What is the hundreds digit of (1924/20 - 1)/(344/195220)?
0
Let z(x) = 2*x**3 - 3*x**2 - 2*x - 4. Let j(t) = 3*t - 17. Let h = -46 - -53. Let f be j(h). What is the units digit of z(f)?
8
Suppose 39*z + 26*z + 320112 = 89*z. What is the tens digit of z?
3
Let p be ((-288064)/(-36))/8 - (-4)/(-18). Suppose -5*f + p = -0*f + g, 2*g = -5*f + 1000. What is the units digit of f?
0
Suppose -4*c - 6*r + 149768 = -11*r, -c - 4*r + 37421 = 0. What is the thousands digit of c?
7
Let o(d) = -6*d**3 + 50*d**2 - 53*d - 21. Let b be o(7). Suppose 4*j - 86 = 22. Suppose j*t - 32*t + 470 = b. What is the units digit of t?
4
What is the units digit of (91/(-39))/((-3)/4104)?
2
Let f(n) = -515*n - 1155. What is the tens digit of f(-13)?
4
Let o = -247 - -253. What is the hundreds digit of (10/o)/((-190)/(-19836))?
1
Suppose 118 = -2*z + 504. Suppose -k - 3*d = -0*d - 77, -2*d - 308 = -4*k. Let w = z - k. What is the hundreds digit of w?
1
Let b be 0/(5*(2 - (-48)/(-20))). Suppose b = 5*o - z - 2233, -4*o + 974 = -3*z - 819. What is the tens digit of o?
4
Let l(q) be the third derivative of -5*q**4/24 + 61*q**3/6 + q**2. Let p(z) = -z**3 + 21*z**2 - 72*z - 56. Let k be p(5). What is the tens digit of l(k)?
4
Suppose -2*z = s - 19, -5*s - 2*z = 3*z - 70. Let y be 164/(-14)*(-245)/35. Suppose x - y = s. What is the units digit of x?
1
Let q(n) = -454*n**3 - 3*n**2 - 3*n + 2. Let g be q(1). What is the tens digit of 0 + -1 - (g + 45/5)?
4
Suppose 21*s - 25234 = -s. Let u = s - 348. What is the tens digit of u?
9
Suppose 3*a + 3*i - i - 25311 = 0, -5*a - 2*i + 42181 = 0. What is the tens digit of a?
3
Let b(k) = 86*k**3 - 2*k + 1 + 200*k**3 - 2*k - 215*k**3 + 547*k**3 + 5*k**2. What is the hundreds digit of b(1)?
6
Let y(c) = 3*c - 13. Let i be y(5). Let u(n) = -18*n + i*n - 28 + 7*n. What is the tens digit of u(-8)?
4
Let y(k) = 13*k**3 - 22*k**2 + 28*k - 50. What is the hundreds digit of y(12)?
5
Suppose -11*g = -23639 + 5423. What is the tens digit of g?
5
Let g(x) = 7*x + 26*x - 6*x - 6*x. Let s be g(1). What is the units digit of (500/14 - 1) + 6/s?
5
Suppose -3*f = 4*k - 17, 5*k - 4*f = -0*k + 60. Let c be (k*2)/(22/165). Suppose -2*u + 5*v + c = 0, v - 240 = -4*u + 2*v. What is the units digit of u?
0
Suppose 0 = 370*w - 389*w + 220172. What is the units digit of w?
8
Suppose 3*f = -5*b + 7526, b + 4902 + 2654 = 3*f. What is the thousands digit of f?
2
Let x = 165 + -162. Suppose 0 = -y + 3*s + 205, x*s - s - 593 = -3*y. What is the units digit of y?
9
Let v(r) = -5*r**2 + 4*r + 1. Let m be v(-6). Let y = m - -309. What is the hundreds digit of y?
1
What is the ten thousands digit of ((-2)/1 - -11800) + 6/(-15)*5?
1
Let z(r) = r**2 - 2*r - 3. Let u be z(-2). Suppose 2*h = -1 + u. Suppose -3*l + 4*p - 22 = -4*l, 0 = l - h*p - 52. What is the tens digit of l?
4
Let o be 14 + (6 + -4)/(-1). What is the hundreds digit of o/(-32) - (-15081)/88?
1
Suppose 2*i = -4*a + 18, 0*a - 5*a + i = -12. Suppose 35*h - 5681 = 12*h. Suppose -h = -2*z - 4*w + 65, -3*z - a*w + 456 = 0. What is the units digit of z?
8
Let y be 3/4*(3 + 1). Suppose -2*s - y = -45. Let k = 144 + s. What is the tens digit of k?
6
Let p(v) = 143*v - 1 + 0 - 7*v - 3. Let l = 128 - 127. What is the hundreds digit of p(l)?
1
Let o(f) = 28*f + 1 - 16 - 2*f. What is the units digit of o(8)?
3
Let p be (-2*213/(-6))/1. Suppose -70*h = -p*h + 5. Suppose -2*r + 5*r - 2*m - 115 = 0, -5*r + 175 = h*m. What is the units digit of r?
7
Let c(n) = 177*n**2 - 91*n - 908. What is the units digit of c(-11)?
0
Let u = 69 - 67. What is the tens digit of u/(-7) + (-9)/(504/(-15808))?
8
Let m = 4373 + -4373. Let l = 0 - -2. Suppose -4*t = g - 91, m = -l*g - 0*t + 3*t + 237. What is the tens digit of g?
1
Let c = 30049 + -22956. What is the tens digit of c?
9
Suppose 4*y = -3*u + 73435, 19*u - 3*y = 20*u - 24465. What is the hundreds digit of u?
4
Let i = -224 + 20522. What is the tens digit of i?
9
Let z be (4 + -2)*21/14. Let x be 2 - (568/(-12))/(z/9). What is the tens digit of x/((-2)/(-1)) + 4?
7
Let l(w) = 1158*w - 22 + 4 - 1165*w + 46*w**2. What is the tens digit of l(-2)?
8
L